rmine d(-1).
3
Let x(s) = -s**3 + 9*s**2 + 5*s + 3. Calculate x(10).
-47
Let y(n) = 5*n + 103. Give y(-19).
8
Let l(z) = -z**2 - 13*z + 13. What is l(-15)?
-17
Let i(x) = -x**2 - x + 61. Calculate i(0).
61
Let p(y) = -y**3 + 13*y**2 - 2*y + 25. What is p(13)?
-1
Let m(n) = -n**3 + 13*n**2 - 2. Calculate m(13).
-2
Let l(f) = -f**2 + 8*f + 35. Determine l(12).
-13
Let n(a) = 2*a**2 + 12*a + 8. Give n(-5).
-2
Let h(d) = d**3 + 14*d**2 - 14*d - 2. Give h(-15).
-17
Let j(w) = -17*w - 2. What is j(-4)?
66
Let m(k) = k**3 - 12*k**2 - 13*k - 10. Give m(13).
-10
Let m(u) = 41*u + 245. Give m(-6).
-1
Let p(x) = -x + 5. Determine p(-14).
19
Let g(j) = j**2 + 20*j + 33. Give g(-13).
-58
Let p(b) = 3*b - 27. Give p(6).
-9
Let l(p) = -p**2 - 20*p + 50. What is l(3)?
-19
Let d(k) = -k**2 - 13*k - 40. Determine d(-10).
-10
Let y(x) = -19*x**3 + 2*x**2 + 2*x + 1. Calculate y(-1).
20
Let l(p) = p**3 - 3*p**2 - 3*p + 1. Calculate l(3).
-8
Let g(b) = -b**2 - 2*b + 6. What is g(4)?
-18
Let r(h) = -6*h - 41. What is r(-6)?
-5
Let o(j) = -2*j + 4. What is o(4)?
-4
Let o(n) = -2*n**2 + n + 7. Give o(3).
-8
Let u(a) = a**3 - 3*a**2 - 6*a - 2. Determine u(5).
18
Let w(h) = -h**3 - 12*h**2 + 31*h + 13. What is w(-14)?
-29
Let x(j) = 14*j + 31. Give x(-9).
-95
Let r(v) = v**2 - 15*v - 14. Determine r(14).
-28
Let l(f) = -f**2 + 14*f - 29. Give l(11).
4
Let d(p) = p - 11. Determine d(10).
-1
Let f(m) = m + 1. What is f(-7)?
-6
Let t(k) = k**2 + 9*k + 7. Calculate t(-6).
-11
Let j(o) = -7*o**3 + o**2 + 2*o - 5. Determine j(2).
-53
Let q(f) = -3*f + 18. What is q(8)?
-6
Let i(p) = 52*p**3 + p**2 + p. What is i(-1)?
-52
Let k(v) = -v**3 - 29*v**2 - 38*v - 235. Give k(-28).
45
Let o(s) = 5*s - 75. Calculate o(14).
-5
Let h(v) = v**2 + v - 6. Give h(-5).
14
Let o(g) = -g + 28. Determine o(14).
14
Let p(k) = -13*k**2 - 79*k + 6. Determine p(-6).
12
Let n(v) = -3*v**3 + 4*v**2 - 4. Calculate n(2).
-12
Let b(v) = -v**3 - 3*v**2 - 5*v + 5. Give b(-3).
20
Let a(p) = p + 12. Give a(-5).
7
Let q(r) = 8*r + 7. What is q(1)?
15
Let x(v) = 2*v**3 - 15*v**2 - 8*v + 1. Calculate x(8).
1
Let s(f) = f**3 - 11*f**2 + 11*f + 116. What is s(6)?
2
Let w(j) = 12*j - 47. Determine w(10).
73
Let m(y) = y**3 - 5*y**2 - 7*y - 16. Give m(7).
33
Let g(j) = 10*j - 1. Give g(1).
9
Let s(u) = -9*u**2 + 60*u + 17. Determine s(7).
-4
Let g(i) = -i + 6. Give g(-2).
8
Let j(o) = o**2 - 10*o - 21. Give j(12).
3
Let c(f) = -f**3 + 2*f**2 + 4*f - 3. Determine c(4).
-19
Let r(c) = c**2 + 7*c - 5. Determine r(-6).
-11
Let w(b) = 6*b - 69. Determine w(7).
-27
Let c(k) = -k**2 + 6*k + 10. Calculate c(8).
-6
Let k(x) = x**2 + 9. Calculate k(-4).
25
Let d(q) = 5*q + 15. What is d(7)?
50
Let y(x) = -11*x + 3. Give y(4).
-41
Let q(c) = 2*c**2 - 18*c + 3. Give q(9).
3
Let p(g) = g**3 + 7*g**2 - 10*g + 11. What is p(-8)?
27
Let n(q) = q**2 + 22*q - 42. Determine n(-24).
6
Let k(h) = h + 1. Give k(4).
5
Let h(o) = 5*o - 21. What is h(2)?
-11
Let l(j) = 4*j - 38. Give l(9).
-2
Let o(m) = -4*m + 2. Determine o(-2).
10
Let s(f) = f**3 - 7*f**2 - 31*f + 13. Calculate s(10).
3
Let n(d) = 5*d**3 - 2*d**2 + 2*d - 1. Calculate n(1).
4
Let z(r) = 5*r**3 + 2*r + 3. Give z(-1).
-4
Let t(w) = -w**3 + 4*w**2 - 10*w + 9. Calculate t(4).
-31
Let j(v) = 13*v**2 + 9*v - 2. Calculate j(-3).
88
Let d(f) = -2*f - 46. Calculate d(-30).
14
Let f(b) = -3*b + 10. What is f(8)?
-14
Let t(s) = -s**2 + 3*s + 59. Calculate t(-8).
-29
Let b(j) = -3*j**3 - 16*j**2 - 3*j + 27. Give b(-6).
117
Let a(s) = s - 8. Give a(-8).
-16
Let w(m) = -2*m**2 + 4*m - 6. Calculate w(4).
-22
Let p(u) = -15*u**2 - 2*u + 3. What is p(1)?
-14
Let p(v) = v**3 - 17*v**2 - v + 18. Give p(17).
1
Let x(q) = -2*q**2 - 4*q + 4. Give x(3).
-26
Let b(n) = 133*n**3 - 2*n**2 - 2*n + 3. What is b(1)?
132
Let p(r) = r**3 - 9*r**2 + 11*r - 19. Give p(8).
5
Let g(o) = -2*o**3 + 13*o**2 + 14*o - 137. Calculate g(6).
-17
Let j(r) = r**3 + r**2 - 2*r + 3. What is j(2)?
11
Let x(q) = -5*q**2 + 2*q - 8. Determine x(0).
-8
Let x(h) = h - 13. Calculate x(8).
-5
Let n(z) = 110*z + 4. Calculate n(-2).
-216
Let v(u) = -13*u - 456. What is v(-35)?
-1
Let f(p) = -2*p**2 - 17*p - 29. What is f(-3)?
4
Let a(g) = g**2 + 8*g + 9. Determine a(-4).
-7
Let i(y) = -8*y**2. Give i(2).
-32
Let z(j) = 4*j - 11. Calculate z(5).
9
Let h(b) = -b**2 - 3*b + 3. Calculate h(-4).
-1
Let h(r) = 5*r**3 + 2*r + 1. Determine h(-1).
-6
Let j(q) = -q**3 - 7*q**2 - 13*q - 36. Give j(-6).
6
Let l(p) = p**3 - 5*p**2 + 3*p + 1. Calculate l(5).
16
Let v(q) = -3*q**2 - 61*q - 20. Calculate v(-20).
0
Let a(x) = 2*x**3 + 16*x**2 + 27. What is a(-8)?
27
Let o(i) = i**2 + 36*i + 282. What is o(-25)?
7
Let p(k) = k**2 - k + 23. What is p(7)?
65
Let b(u) = u**3 + 13*u**2 - 30*u - 6. Calculate b(-15).
-6
Let i(j) = 20*j**3 + j**2 - 3*j + 2. Determine i(1).
20
Let z(o) = o + 9. Give z(-7).
2
Let s(i) = -7*i**2 - i - 1. Give s(2).
-31
Let p(m) = -m**3 + 10*m**2 + m - 4. What is p(10)?
6
Let z(i) = -i**2 + 4*i + 20. Calculate z(4).
20
Let h(t) = -t**3 + 7*t**2 + 10*t - 12. Determine h(8).
4
Let n(k) = k + 62. What is n(-23)?
39
Let t(k) = -k**2 + 23*k - 28. Give t(22).
-6
Let h(u) = u - 16. What is h(14)?
-2
Let c(m) = -m**2 + 15*m - 28. Give c(12).
8
Let l(c) = c**2 - 8*c - 91. What is l(-6)?
-7
Let g(n) = -n**3 - 3*n**2 - 3*n - 3. Determine g(-2).
-1
Let s(x) = -x**2 + 16*x - 52. Determine s(7).
11
Let w(c) = c + 2. Calculate w(28).
30
Let o(w) = 3*w - 2. Give o(-2).
-8
Let y(t) = -t**3 + 14*t**2 + 31*t - 11. Determine y(16).
-27
Let l(v) = v**3 + v**2 - v + 25. What is l(0)?
25
Let d(a) = 5*a**3 - 2*a**2 - 2*a + 6. What is d(-3)?
-141
Let d(f) = f**2 - f + 4. What is d(0)?
4
Let n(f) = -f**3 + 4*f**2 - 5*f + 3. What is n(3)?
-3
Let k(r) = -37*r - 918. What is k(-25)?
7
Let g(j) = -4*j + 15. Determine g(7).
-13
Let b(r) = r**2 + 86*r - 854. What is b(9)?
1
Let c(d) = d**2 + 12*d + 16. What is c(-9)?
-11
Let z(b) = 24*b - 1. Determine z(-1).
-25
Let w(g) = g**3 - 11*g**2 + 29*g - 186. Give w(10).
4
Let q(z) = z**3 - 11*z**2 - 12*z + 12. Calculate q(12).
12
Let a(w) = -w**3 + w**2 - w + 5. What is a(0)?
5
Let c(n) = n**2 - 6*n + 7. Calculate c(7).
14
Let y(q) = -6*q**2 + 3*q + 5. Give y(-2).
-25
Let p(j) = -2*j + 2. Determine p(-3).
8
Let p(m) = -m**2 + 7*m - 11. Calculate p(9).
-29
Let p(a) = 33*a - 2. Calculate p(1).
31
Let d(m) = 3*m + 2. Give d(3).
11
Let a(o) = 2*o - 2. Calculate a(-8).
-18
Let j(c) = -c**2 + 28*c + 5. What is j(30)?
-55
Let d(c) = -c**2 + 11*c + 2. Calculate d(11).
2
Let n(i) = -2*i - 22. Give n(-15).
8
Let o(z) = -z**3 - 11*z**2 - 16*z + 13. Calculate o(-9).
-5
Let f(k) = k - 3. What is f(16)?
13
Let y(d) = -25*d + 683. Determine y(27).
8
Let c(j) = -7*j - 78. What is c(-11)?
-1
Let t(i) = 4*i + 3. Give t(3).
15
Let n(o) = o - 1. What is n(0)?
-1
Let z(p) = -6*p + 29. Calculate z(6).
-7
Let u(i) = 2*i**2 - 6*i + 1. Give u(6).
37
Let a(w) = -50*w**2 + w + 1. Calculate a(1).
-48
Let i(h) = h**2 - 30*h + 60. Give i(30).
60
Let t(q) = -2*q**2 + 3*q - 2. Determine t(3).
-11
Let k(n) = 4*n**3 - 13*n**2 + 2*n - 1. Give k(3).
-4
Let n(k) = k**2 - 49*k + 142. Give n(3).
4
Let c(p) = 2*p**3 + 13*p**2 + 7*p - 7. What is c(-6)?
-13
Let i(z) = z**3 + z**2 - z. Determine i(-3).
-15
Let v(i) = -i**2 - 2*i + 6. What is v(-3)?
3
Let u(x) = x**3 - 9*x**2 + x - 2. Give u(9).
7
Let v(o) = -o**3 - 39*o**2 - 72*o + 77. Determine v(-37).
3
Let o(w) = w**3 - 17*w**2 + 37*w - 110. Calculate o(15).
-5
Let p(y) = 2*y**3 + 3*y**2 + 2*y. What is p(-2)?
-8
Let g(c) = c**2 + 22*c - 149. Give g(5).
-14
Let n(f) = f**3 + f**2 - 2*f - 2. Give n(2).
6
Let p(l) = -4*l - 5. What is p(-1)?
-1
Let v(o) = o**3 - 8*o**2 + 7*o - 6. Calculate v(7).
-6
Let t(s) = -s**2 + 16*s + 2. What is t(16)?
2
Let w(k) = 3*k - 18. Determine w(1).
-15
Let b(o) = -3*o**3 - 19*o**2 - 6*o + 15. Calculate b(-6).
15
Let b(u) = 3*u**3 - 2*u**2 + 7*u - 12. What is b(2)?
18
Let h(u) = -u**2 - 14*u + 17. Determine h(-15).
2
Let n(g) = -2*g**2 + 17*g + 4. Determine n(8).
12
Let j(u) = 2*u**2 - 3*u + 1. Calculate j(2).
3
Let h(a) = 9*a**3 - 2*a**2 + a - 1. What is h(1)?
7
Let y(c) = -75*c**2 + 6*c - 5. Give y(1).
-74
Let o(l) = -29*l**2. What is o(-1)?
-29
Let l(s) = s**2 - 5*s - 36. Give l(-4).
0
Let a(q) = 2*q**2 - 6*q + 7. What is a(1)?
3
Let f(l) = l - 19. Give f(14).
-5
L